21222
Convert -110100110111110011001 (base 2) to base 5.
-420420010
-2563770 (base 11) to base 7
-52514634
Convert 44b9ba (base 14) to base 8.
10724460
423263 (base 9) to base 4
331131030
-33573057 (base 8) to base 11
-4117604
-211855 (base 9) to base 5
-13013321
-d1d22 (base 14) to base 15
-9e83a
What is 722a783 (base 11) in base 16?
c2cd5f
What is -202111210000 (base 3) in base 5?
-100404304
1078275 (base 9) to base 13
175733
-320052 (base 10) to base 9
-537023
Convert 682512 (base 11) to base 4.
10021103322
What is -38295 (base 15) in base 2?
-101011110100001001
-79b3 (base 14) to base 10
-21129
-1c7dbc (base 15) to base 2
-101010100001111000010
Convert 150011222 (base 6) to base 16.
2f02be
What is -10434500 (base 6) in base 2?
-1001101001001000100
What is -20120211221211 (base 3) in base 10?
-3500626
4c732 (base 13) to base 7
1130335
What is -51a325 (base 15) in base 5?
-1443210320
Convert -10143113 (base 5) to base 13.
-2c3c9
c0ebf (base 16) to base 12
321367
Convert -40114541 (base 6) to base 15.
-174baa
Convert 162b57 (base 16) to base 6.
51050155
c9ae (base 15) to base 10
42689
107638 (base 11) to base 4
221301333
What is -12160 (base 14) in base 4?
-22302120
Convert 71871 (base 12) to base 10.
148117
Convert -7681394 (base 10) to base 4.
-131103111302
What is 34324414 (base 5) in base 14?
803db
Convert -715070 (base 8) to base 13.
-835c8
Convert 10111010001011001 (base 2) to base 5.
11022241
6a42b (base 16) to base 13
123153
Convert -3925c7 (base 15) to base 11.
-1602a67
What is 1606114 (base 7) in base 13?
7954c
Convert -552424444 (base 6) to base 14.
-14653c0
What is 11100001110001010111 (base 2) in base 7?
10601043
-6160751 (base 8) to base 9
-3054805
13386752 (base 9) to base 8
31161713
Convert -168613 (base 10) to base 11.
-105755
What is 6170868 (base 9) in base 8?
14442174
Convert 113003220330 (base 4) to base 15.
7e5d30
What is 78e1 (base 16) in base 14?
b3c5
-100121000002 (base 3) to base 15
-3ae28
-23a3210 (base 13) to base 10
-11060049
Convert 856a77 (base 11) to base 7.
14436526
What is 299f1d (base 16) in base 7?
32120335
Convert -112210211120112 (base 3) to base 16.
-781616
What is -338735 (base 10) in base 9?
-565582
-24641 (base 7) to base 5
-201442
-160460260 (base 7) to base 11
-60a9071
17487c2 (base 15) to base 14
236c7bd
-100101100010100001001000 (base 2) to base 3
-200111221220211
What is -11734 (base 8) in base 2?
-1001111011100
Convert e3417 (base 15) to base 7.
6055351
Convert -144377 (base 8) to base 9.
-77522
What is -150153 (base 9) in base 5?
-10420413
Convert -110220203 (base 4) to base 5.
-10201030
Convert -a9472 (base 11) to base 7.
-1231263
What is c08c8 (base 13) in base 15?
6beed
-16d2028 (base 14) to base 6
-1041212100
What is 9a00b (base 13) in base 9?
464673
Convert -273817 (base 10) to base 16.
-42d99
What is -2823b (base 15) in base 2?
-11111011011110100
What is -1424035 (base 6) in base 14?
-2186b
615898 (base 14) to base 7
36612651
Convert 23626513 (base 8) to base 10.
5188939
-24635644 (base 8) to base 10
-5454756
Convert -54649 (base 10) to base 7.
-315220
Convert -3098b1 (base 14) to base 5.
-404434031
Convert -2071982 (base 10) to base 11.
-1195790
What is 264043 (base 8) in base 5?
10422240
-10000011111000000 (base 2) to base 6
-1240332
32131203 (base 4) to base 11
40560
65b6a6 (base 12) to base 14
301246
What is b0a62 (base 13) in base 6?
10434405
Convert 5765 (base 11) to base 3.
101101111
Convert -21022022112111 (base 3) to base 6.
-215124234
What is -14201034 (base 6) in base 2?
-1110101110000101110
-20310414 (base 5) to base 12
-80333
What is -5b0ac (base 16) in base 13?
-100973
-3303321012 (base 4) to base 8
-3637106
What is -4145623 (base 7) in base 3?
-221100112201
What is -35306202 (base 7) in base 3?
-12212002010000
-26641536 (base 7) to base 5
-1112322131
111011111100011111111101 (base 2) to base 8
73743775
Convert -103567 (base 8) to base 5.
-2102204
What is -10002021111112 (base 3) in base 7?
-16634612
What is -161224 (base 8) in base 11?
-3a641
Convert 13642327 (base 8) to base 12.
1054873
-3174473 (base 8) to base 15
-11bdc5
-300470 (base 8) to base 16
-18138
-248182 (base 9) to base 4
-210230321
Convert -11100110101010111 (base 2) to base 3.
-20000000012
What is 2313212 (base 5) in base 6?
520550
Convert 14465041 (base 7) to base 2.
101010000010011101101
407167 (base 8) to base 12
65bb3
340120315 (base 6) to base 5
3034402304
Convert 431351 (base 8) to base 11.
992a5
b11a79 (base 14) to base 16
5aee7b
114356150 (base 7) to base 15
95aa08
What is -3092399 (base 10) in base 6?
-150140355
5bd71b (base 15) to base 9
8244538
What is -2108c (base 15) in base 3?
-12022200220
Convert -2a81a5 (base 12) to base 10.
-719117
216123 (base 7) to base 6
452323
What is 13765204 (base 8) in base 13?
85c430
-20100111200 (base 3) to base 6
-2402500
100212022112210 (base 3) to base 12
1909619
2010212001 (base 3) to base 2
1010010010111111
What is 4e45 (base 15) in base 3?
211221002
What is bb0376 (base 12) in base 13?
7cabc2
What is 20103323222 (base 4) in base 3?
11002200202002
Convert 230726 (base 9) to base 10.
138372
-31012311 (base 5) to base 15
-4e556
Convert 19c5a (base 16) to base 7.
616522
7a7ab4 (base 12) to base 10
1962856
What is -1433251 (base 6) in base 15?
-19634
Convert -261232 (base 7) to base 3.
-2110111201
Convert 23a817 (base 15) to base 3.
10012200110111
1000000000111001101 (base 2) to base 3
111100020010
What is 9c966 (base 13) in base 5?
33110033
10100110111010 (base 2) to base 5
320212
-1302103302 (base 5) to base 8
-14033423
Convert 83659a (base 12) to base 16.
1f7ec6
3201112231 (base 4) to base 16
e15ad
Convert f5f5 (base 16) to base 7.
351400
What is -3451133 (base 7) in base 15?
-8829b
3135250 (base 6) to base 15
30429
What is 102121221 (base 3) in base 14?
3136
Convert -10010011010000010 (base 2) to base 10.
-75394
100001010011111110 (base 2) to base 8
412376
-65d58 (base 14) to base 2
-111100010000111010
-39a5a (base 16) to base 14
-6209c
1202011100 (base 3) to base 10
34380
What is -303131031 (base 4) in base 13?
-74c19
112112044 (base 6) to base 14
3b9860
Convert -1143533 (base 6) to base 14.
-1806d
1222111221221 (base 3) to base 2
100000001001011000000
Convert 50502 (base 16) to base 11.
205177
Convert -1df3b1 (base 16) to base 9.
-3621562
What is 165634012 (base 7) in base 9?
23410871
What is -1013112330 (base 4) in base 10?
-292284
-1515403 (base 6) to base 5
-10304214
Convert -1013210310 (base 4) to base 14.
-78bac
Convert -11111110000000001100011 (base 2) to base 3.
-120122212020121
Convert 14120122 (base 5) to base 3.
21100221202
154257 (base 9) to base 10
94984
-1602031 (base 7) to base 8
-654077
What is -191ac87 (base 13) in base 15?
-ac5d46
-65768 (base 10) to base 16
-100e8
What is 1686367 (base 11) in base 7?
33224104
-10000100111010001000 (base 2) to base 11
-342012
-3074552 (base 8) to base 9
-1475368
What is -13945 (base 16) in base 2?
-10011100101000101
Convert -a51b4 (base 12) to base 16.
-34cd8
Convert 19d23 (base 14) to base 10.
65691
What is -3313400 (base 6) in base 10?
-165384
116133 (base 13) to base 14
aa859
Convert -166b9c7 (base 14) to base 12.
-3834963
What is -12202221200 (base 3) in base 7?
-652311
Convert -7154067 (base 9) to base 11.
-2176228
What is -11370 (base 10) in base 9?
-16533
Convert -42002032 (base 5) to base 2.
-1010011111111010001
Convert 101455411 (base 6) to base 3.
10022200020121
Convert 121365 (base 10) to base 14.
3232d
What is 110011011010100100100110 (base 2) in base 13?
2a3ba73
Convert 22a71 (base 16) to base 10.
141937
What is -4602466 (base 7) in base 11?
-361035
4a4d (base 15) to base 12
91a7
Convert -21350510 (base 6) to base 11.
-3a5257
What is -1416454 (base 8) in base 13?
-1104bb
What is 11011010101001100011001 (base 2) in base 9?
14430104
-134024 (base 8) to base 4
-23200110
What is -147251 (base 8) in base 11?
-36826
Convert 49327 (base 15) to base 10.
233587
What is -2331307 (base 11) in base 3?
-21122212121002
Convert -12033232 (base 5) to base 13.
-3bab9
Convert 2202000101 (base 3) to base 8.
151304
What is 110100011100100101 (base 2) in base 7?
1553205
Convert -3341868 (base 9) to base 16.
-1b73f1
What is 249da5 (base 15) in base 10?
1754705
-33708 (base 9) to base 11
-15955
Convert 5140114 (bas